t g be c(y). Let s(p) = -7*p + 7. Let i be s(-7). Calculate the greatest common factor of g and i.
28
Let o(b) = b**3 + 32*b**2 + 216*b - 78. Let n be o(-22). Calculate the highest common factor of n and 9655.
5
Suppose -3 = 4*j + g - 20, 2*j = -5*g + 13. Suppose 5*o = j*o - 2. Let i be (-3 + 49)/(o/(-8)). What is the highest common divisor of 23 and i?
23
Let h = -13302 - -13424. Suppose -4*n - 2009 = -7*n - 4*q, -4*n + 2*q = -2686. Calculate the greatest common divisor of h and n.
61
Suppose -980 = 6*a - 1004. Suppose 0 = p - 3*p. Suppose p = a*f - 286 + 10. Calculate the greatest common divisor of 46 and f.
23
Suppose 1514 = 9*c - 547. Let p be c + (-4)/2 + (-24)/12. What is the highest common factor of p and 9?
9
Let n(r) = -2*r**3 + 7*r**2 - r - 1. Let y be n(2). Let z(s) = 8*s - 9. Let g be z(9). Calculate the greatest common factor of g and y.
9
Suppose -x = -2, 2*k - 106*x + 110*x - 366 = 0. Calculate the highest common factor of 2506 and k.
179
Suppose 8*a - 11*a + 29 = 2*x, 4*a = 2*x + 20. What is the greatest common divisor of x and 8328?
4
Suppose 2*y - 5 - 983 = 4*g, 2*y = 3*g + 986. What is the highest common divisor of 210 and y?
70
Let a(p) = p**3 - 6*p**2 + 2*p + 12. Let r be a(5). Let m = 29 - r. Suppose m = -2*b + 6*b. What is the greatest common factor of b and 32?
8
Suppose 43*a = 33*a + 26160. What is the highest common factor of a and 48?
24
Let k = 2070 + -1294. Suppose -7*z + 568 = -k. Calculate the greatest common factor of z and 120.
24
Let f be (-8 - -162) + (-1 - -7). Suppose 4*o = -4*o + f. What is the greatest common divisor of o and 160?
20
Let g = 1554 - -2650. Calculate the greatest common factor of 4 and g.
4
Let d be 52/234 + (-101374)/(-9). Suppose d = -24*p + 56*p. Calculate the greatest common divisor of 132 and p.
44
Let k(z) = 63*z - 101. Let j(h) = -h**2 - 314*h + 506. Let i(v) = 2*j(v) + 11*k(v). Let a be i(30). What is the highest common divisor of a and 663?
51
Let y be 10/(-15) + (-3)/((-36)/(-2176)). Let q be y/(-4) + (-45)/(-18) + -2. Calculate the greatest common factor of q and 322.
46
Let s = -3306 - -6096. What is the highest common divisor of s and 270?
90
Suppose 2 = 24*i - 46. Let q be (1 - -6)*(i - -73). Calculate the greatest common factor of q and 21.
21
Suppose -286 = -28*c + 17*c. Suppose c*t - 42*t = -96. Calculate the highest common factor of 48 and t.
6
Suppose 32*v + 27 = 155. Let p be v*-1 + -4 + 14. What is the greatest common divisor of 18 and p?
6
Let d be (-75)/75 + (-5)/1*1 - -616. What is the greatest common divisor of 122 and d?
122
Suppose -8*w = -11*w. Suppose 8*d - 11*d + 156 = w. Let f = d - 29. Calculate the greatest common factor of f and 115.
23
Let k(p) = -3*p**2 + 113*p + 349. Let g be k(40). Calculate the greatest common factor of 5451 and g.
69
Let s be -2 - (-2 + 24/4). Let j be 88/(-3)*(-4 + (-15)/s). Calculate the greatest common factor of j and 22.
22
Let n(u) = 8*u**2 - u + 1. Let y be n(-2). Suppose 2*x - 3*z = y, -38*z + 62 = 3*x - 33*z. What is the greatest common factor of 1 and x?
1
Let u(c) be the second derivative of 25*c**3/6 + 45*c**2 + 77*c - 2. Let q be u(0). What is the highest common divisor of 810 and q?
90
Suppose 5*b - 2*b = 90. Let a = b - 26. Suppose 252 = -a*d + 6*d. Calculate the greatest common factor of d and 14.
14
Let i be -9*(-5 - -4) + (-42)/7. Suppose 3*r - 1 = 5*a - 11, 50 = 5*r + 5*a. Let b be (r + 7)*2/i. What is the greatest common factor of b and 16?
8
Let q be (-12716)/(-153) - 140/126. Calculate the greatest common factor of q and 4346.
82
Suppose -5*x = -3*x - 42. Let t(z) = z**3 - 4*z**2 - 15*z + 30. Let f be t(6). Calculate the highest common factor of f and x.
3
Suppose 124 = 6*f + 4. Suppose 2*b + f = 7*b. Suppose -3*d + 6 = 0, y = 3*d - b*d + 8. What is the highest common factor of y and 15?
3
Let t(s) = -s**2 - 16*s. Let h be t(-8). Suppose 3*u + 4*a - 27 = a, 81 = 5*u - 4*a. Let z be u*1 - (7 - 100/10). What is the greatest common factor of h and z?
16
Suppose -152 + 164 = 4*x. Suppose 4*g = -x*w + 68, 3*g + 0*g = -w + 31. Calculate the highest common divisor of 16 and w.
16
Let x = -509 - 54. Let t = 797 + x. Let c(f) = 2*f - 2. Let i be c(14). Calculate the highest common divisor of i and t.
26
Suppose 0 = o - 4*p - 1238, -3*o + 15*p - 10*p = -3749. Calculate the greatest common factor of 222 and o.
74
Let s be (1413/(-2))/(654/(-1744)). Calculate the greatest common factor of 12 and s.
12
Suppose -5*g + 230 = -11*b + 15*b, 0 = g + 5*b - 25. Suppose 0 = -g*h + 47*h + 792. Calculate the highest common factor of h and 36.
12
Suppose 123*y - 142*y = -1083. Calculate the greatest common divisor of y and 4161.
57
Suppose 10*q = -3*q + 182. Let f = -1054 - -1058. What is the highest common divisor of f and q?
2
Let a = 3173 + -2763. Calculate the highest common divisor of 574 and a.
82
Suppose -3*z + 39 = 5*p, -39 = -3*z + 3*p + 2*p. Let l(h) = 47*h + 668. Let i be l(-12). Calculate the highest common factor of z and i.
13
Suppose -5*y + 3*l + 303 = 5*l, -5*y = -4*l - 279. Let k = y - 57. Suppose d + 5*b - 39 = 0, 13 = -d - k*b + 58. What is the greatest common factor of d and 7?
7
Suppose 305 = 5*c + v, -4*v - 26 - 35 = -c. Let w = -59 + c. Let r be (2/12)/(w/12). What is the highest common divisor of 3 and r?
1
Suppose -8*z = -5*z - 21. Let h be (-4 + z)/(-3 - -2). Let d be (21/(-4))/(3/(-16)) + h. Calculate the greatest common divisor of d and 5.
5
Suppose -5*b = 4*x - 100870, 17*x + 20153 = b + 22*x. Calculate the greatest common factor of b and 57.
57
Suppose 0 = -9*p + 11*p - 6*p + 48. Calculate the greatest common divisor of 48696 and p.
12
Let n be ((30/25)/(-3))/((-1)/20). Let z be (-4)/n + (-114)/(-4). What is the greatest common factor of z and 77?
7
Suppose -4*z + 30 = -2*m, 3*z - 3*m - 7 = 23. Suppose z*o + 5*t = 172 - 57, -5*o = -2*t - 122. What is the greatest common factor of o and 228?
12
Let k = 3907 + -3837. What is the greatest common divisor of 3 and k?
1
Let n = 38 + -36. Let t = n + 18. Let o(y) = y**2 - 3*y - 18. Let a be o(17). Calculate the highest common factor of t and a.
20
Let o be (-3 - -2)*36/12. Let v be (-729)/o*(3 - (3 + -1)). Suppose s = -4*u + 63, 0*u - v = -5*s + 4*u. Calculate the highest common factor of s and 102.
51
Suppose 0 = -5*y + 18 + 12. Suppose -y - 69 = -5*p. Let k = -787 - -862. What is the greatest common factor of p and k?
15
Suppose -7 = o - 14. Let s = 32 + -11. Let r be s*2/(-18)*-3. Calculate the highest common factor of r and o.
7
Let v(j) = j**3 + 10*j**2 + 9*j - 11. Let k be v(-8). Let s be 3/(712/(-72) - -10). Calculate the highest common factor of k and s.
9
Let j be 3 + (439 - (19 + -9)). Calculate the greatest common divisor of j and 396.
36
Let f be ((-27)/4 - (-5)/(-20)) + 1. Let p(n) = -24*n - 131. Let u be p(f). What is the greatest common factor of u and 221?
13
Let p = 84 + -9. Let s be (-3)/(p/(-5120))*5. Suppose s = -0*k + 8*k. Calculate the greatest common divisor of k and 16.
16
Let x = 319 + -315. Suppose x*b = -4*b + 456. What is the highest common factor of 95 and b?
19
Let h(b) = 10*b + 6. Let j be 3/(-1) - (-11 + 5). Suppose -4*n = -p - j*n - 4, 2*p + 4*n = 22. Let d be h(p). Calculate the highest common divisor of d and 128.
16
Let n = 251 - 107. Let d = 135080 + -135032. Calculate the greatest common factor of n and d.
48
Suppose 0 = 4*l + l - 2*p - 148, 3*l + 5*p = 64. Suppose -q + 4 = -108. What is the highest common factor of l and q?
28
Let w = -12682 + 12772. What is the highest common divisor of w and 210?
30
Suppose -24*r - 11 = -p - 22*r, 3*r + 3 = 0. Let u = 38 - p. Suppose 0*c = -4*c - 2*v + 814, -4*c + 816 = 4*v. Calculate the greatest common factor of c and u.
29
Let k be 9/5 - (2 + (-55)/25). Suppose 0*w + 96 = k*w. Suppose 3*s = -5*r + 202, 59 = -2*s - 2*r + 191. Calculate the greatest common factor of s and w.
16
Let m(s) = 1985*s - 9736. Let y be m(5). Suppose 0 = -4*r + 864 + 396. Calculate the highest common factor of r and y.
63
Suppose -z - 1879 = -4*v, z = 3*v - 0*v - 1408. Suppose -5*q + v = 4*p, 4*q - p + 20 = 401. What is the highest common factor of 19 and q?
19
Let t be -18 + 4*(-3)/6. Let m be ((-972)/14 - t/(-35))*-1. Calculate the highest common factor of 175 and m.
35
Suppose -5*w - 4*a + 73 = -2994, 0 = 5